k be (4/(-6))/(3/36). Let o = i - k. Calculate the greatest common factor of 5 and o.
5
Let i = -307 - -353. Let a be (-3)/(-9) + (-206)/(-3). Calculate the greatest common factor of a and i.
23
Suppose 0 = h - w - 2*w - 31, 27 = 2*h + w. Suppose -4*p - 8 - h = 0. Let q = -3 - p. Calculate the highest common divisor of q and 30.
3
Let r(l) = l**3 + 15*l**2 - 56*l + 24. Let o be r(-18). Calculate the highest common factor of o and 12.
12
Suppose 5*l - 31 - 4 = 0. Suppose 0*f = -f + 56. What is the greatest common factor of f and l?
7
Suppose -4*h + 108 + 36 = 0. Calculate the highest common factor of h and 24.
12
Suppose 5*k = 3*k - 3*x + 14, k = x + 17. Let i = 30 + -7. Let n = i - k. Calculate the greatest common factor of n and 20.
10
Suppose -t = -5*q - 2*t + 111, q - 27 = t. Suppose -5*b + 194 = 2*x, -b + 27 = x - 67. Calculate the highest common factor of x and q.
23
Let l = 13 - 3. Let s = l + 32. Calculate the highest common divisor of 14 and s.
14
Let l be (-10)/5*-1 - -2. What is the greatest common factor of l and 4?
4
Suppose -2*g + 70 = -2. Let b be (g/15)/(3/40). Suppose 2*w - 4*o = 36, -5*w - 4*o - b + 164 = 0. Calculate the highest common divisor of w and 36.
12
Suppose 3*x - 4*l + 7*l - 30 = 0, 17 = 2*x + 5*l. Let i be (3 - 0)/((-6)/(-88)). Calculate the highest common divisor of i and x.
11
Let d be (7 - 1) + 1*2. Let u be (7 - d) + 7/1. Calculate the greatest common divisor of u and 18.
6
Suppose 3*p = 2*a - 96 - 62, 0 = -4*a + 3*p + 310. Let x = a - 50. Calculate the highest common factor of x and 65.
13
Suppose -5*o + 7 = -18. Suppose 0*y + 3*c + 13 = y, -5*c + 45 = o*y. Calculate the highest common divisor of y and 10.
10
Let j = 294 - -48. What is the greatest common divisor of j and 57?
57
Let q = -23 - -107. Suppose -m = 2*c - q, c + 420 = 5*m - 3*c. Let n be (-1)/4 - 49/(-4). What is the highest common divisor of n and m?
12
Suppose 2*h = -h + 21. Let b = 53 + 24. What is the greatest common divisor of h and b?
7
Suppose -3*f = 3*g - 12, -g + 25 - 6 = -4*f. Suppose -3*w + 5*w = 34. Suppose -z + w = -18. What is the highest common divisor of z and g?
7
Suppose r + 308 = 15*r. What is the greatest common factor of r and 11?
11
Suppose 0 = -4*r - r - 30. Let a be (-116)/(-10) - r/15. Let f = -19 + 27. Calculate the greatest common factor of f and a.
4
Let k(l) = l**3 - 16*l**2 + 15*l + 10. Let v be k(15). What is the greatest common divisor of v and 10?
10
Suppose -137 - 6 = -t. Let j = 26 - 13. What is the greatest common factor of t and j?
13
Suppose -39 - 49 = -4*r. Calculate the greatest common divisor of r and 2.
2
Let t = -11 - -22. Calculate the greatest common divisor of t and 11.
11
Let x(v) = 7*v + 6. Let a be x(6). Suppose -4*i + 4 = -a. Let t be -1 + 0 + 1 + 117. Calculate the greatest common divisor of i and t.
13
Let t(v) = v**3 + 6*v**2 - 3*v - 2. Let o be t(-6). What is the greatest common divisor of 144 and o?
16
Let s(p) = 3*p**2 - 3*p + 4. Let c be s(-3). Suppose 0 = 5*g - c. Let b = -7 - -11. What is the highest common divisor of b and g?
4
Suppose -4*g - 16 = 4*o, -g + 5*o = 2*g - 20. Suppose g*w = -3*c + w + 5, 2*w = 5*c - 7. Suppose 5*f - c = 7. Calculate the greatest common factor of 10 and f.
2
Suppose -2*u + 36 = -q - q, 4*q - 54 = -3*u. Let i be (-1)/(((-15)/u)/5). Calculate the greatest common factor of 24 and i.
6
Let r be 7764/24 - (-2)/4. What is the highest common factor of r and 36?
36
Suppose 3*l = 6, 5*o + 8 = l + 3*l. Suppose -2*x + 96 = -o*x. Suppose 0*d = -d + 12. What is the greatest common divisor of d and x?
12
Suppose -3*c - 1 + 7 = 0. Suppose -a = -g - 1, 0 = -c*g + 3*a + a - 8. Let j = -30 + 44. What is the highest common factor of g and j?
2
Suppose 4*h - 2*v - 42 = 0, 0 = 3*h - 2*v - v - 39. Let z = -103 - -167. Calculate the greatest common divisor of h and z.
8
Let r be 4*(-4 + 68/16). Calculate the highest common divisor of 7 and r.
1
Let t(f) = 2*f - 2. Let w be t(10). Calculate the greatest common divisor of w and 27.
9
Suppose 2*q - 44 = 244. Let b be ((-4)/(-2))/((-2)/(-4)). Let k(l) = l**3 - 4*l**2 + 4*l. Let n be k(b). What is the highest common factor of n and q?
16
Let c = -5 + 10. Suppose 0 = 2*a + 2*a - 8. Suppose -2*y = -3*r - 28, a*r + 64 = 3*y + 3*r. Calculate the greatest common divisor of y and c.
5
Let m be (1/1)/((-14)/(-392)). What is the highest common factor of 14 and m?
14
Let y = 82 + -70. Calculate the highest common factor of 72 and y.
12
Let c be -25*((-16)/(-10))/(-4). Suppose -54 - c = -2*w. Calculate the greatest common factor of w and 4.
4
Let d(m) be the second derivative of -m**3/6 - m**2/2 - 2*m. Let k be d(-3). Let z = k - -1. What is the greatest common factor of z and 9?
3
Let p = 26 - 13. Suppose 5*z - 272 = p. What is the highest common factor of z and 19?
19
Suppose 42*k = 40*k + 484. Calculate the greatest common divisor of 22 and k.
22
Suppose -142 = 2*g - 526. Calculate the greatest common divisor of g and 24.
24
Let v(c) = -3*c**3 + 8*c**2 - 3*c**2 + 9*c + 6 + 2*c**3. Let a be v(7). Let g = -12 - a. Calculate the highest common factor of g and 187.
17
Suppose 0 = -3*p - 3*c + 39 - 12, 3*p + 4*c = 23. What is the greatest common divisor of 13 and p?
13
Suppose a + 29 = 37. What is the greatest common divisor of 12 and a?
4
Suppose 0 - 102 = -2*u. Let i = 78 - u. Calculate the highest common divisor of i and 18.
9
Suppose -2*b - 2*b = -308. Suppose 4*j = -x + 2*x + 79, -4*j + b = -3*x. Calculate the greatest common factor of 30 and j.
10
Suppose -4*m = -2*m. Let z(r) = -r**2 + r + 4. Let y be z(m). Calculate the highest common factor of 16 and y.
4
Let l(g) = -g + 4. Let v be l(3). Suppose 4*a - a + 9 = 3*u, 2*a - 10 = 0. Calculate the greatest common divisor of v and u.
1
Suppose 5 = -2*k + 3*k. Let o be (30/(-12))/(2/(-12)). What is the greatest common divisor of o and k?
5
Suppose 42 = -6*y + 258. What is the highest common factor of y and 36?
36
Suppose -2*y + 5*u + 6 = 3*u, 5*u = -y - 15. Suppose -4*s - s + 70 = y. What is the greatest common divisor of s and 14?
14
Suppose 4 = -4*m, a - 2*m + 1 = 17. What is the highest common factor of a and 2?
2
Let v = -25 + 39. Let j be 7*(-1 - (-2)/1). What is the highest common divisor of v and j?
7
Suppose -5*b + b + 792 = 0. Calculate the greatest common factor of b and 18.
18
Let n be (-2 + 20/2)/1. Calculate the highest common factor of n and 12.
4
Suppose 3*s - 493 + 94 = 0. What is the highest common divisor of s and 7?
7
Let y = -38 - -44. Let q be 0/(-3 - -1) + 42. Calculate the highest common divisor of q and y.
6
Let v = 5 + -3. Let o be (-6)/v*(-44)/3. Calculate the highest common factor of 110 and o.
22
Let b(d) = -3*d. Let u be b(-6). What is the greatest common factor of u and 45?
9
Suppose 269 = 5*g + 29. Let a be 0 - 6 - 4/(-2). Let y = 2 - a. Calculate the greatest common factor of y and g.
6
Suppose -4 = -0*d + d, -3*w - 4*d = 10. Suppose -3 = w*j - 49. Let r be j + (1 - 1) - -1. What is the greatest common divisor of 3 and r?
3
Let q(u) = -u - 2*u - u + 3 + 0*u. Let d be q(-3). Calculate the greatest common factor of d and 150.
15
Let l = -6 + 7. Let n be 67 - 1/((-1)/l). Calculate the highest common factor of n and 17.
17
Suppose -4*s + 116 = 4*c, 3*c + 0*s - 77 = -s. Suppose y = 36 + c. What is the highest common factor of 12 and y?
12
Let f = 15 - 12. Suppose 2*v - 4*v + 5*g = -41, -g = f*v - 19. Calculate the greatest common factor of 1 and v.
1
Let b(y) be the third derivative of y**6/120 - y**5/6 + 5*y**4/12 - 2*y**3/3 + 2*y**2. Let d be b(9). Calculate the greatest common divisor of 55 and d.
5
Let w = 7 + 17. Let v = 68 + -32. Calculate the highest common factor of w and v.
12
Let p be (-3 - (-15)/3) + 10. What is the highest common divisor of p and 12?
12
Suppose w - r + 3*r - 10 = 0, -1 = -r. Let k(p) = -p**2 + 9*p - 3. Let z be k(w). Let h be (-15)/2*8/(-6). Calculate the greatest common factor of z and h.
5
Suppose 9*t - 899 = -107. Suppose b + 3 = 2*b. Let q be b + -1*2 + 10. Calculate the greatest common divisor of q and t.
11
Let o(b) = b**3 - 6*b**2 + 4*b + 5. Let v be o(5). Suppose 4*w - 9 - 7 = v. Calculate the greatest common divisor of 28 and w.
4
Suppose 3*l = -15, b + 2 = -l - 0. Suppose 0 = -3*f - 0*f + b. What is the greatest common factor of